24
Calculate the remainder when 774 is divided by 290.
194
What is the remainder when 8809 is divided by 4358?
93
Calculate the remainder when 540190 is divided by 3314.
8
Calculate the remainder when 613 is divided by 26.
15
What is the remainder when 7394 is divided by 729?
104
Calculate the remainder when 2679 is divided by 40.
39
Calculate the remainder when 185444 is divided by 365.
24
What is the remainder when 396905 is divided by 11?
3
Calculate the remainder when 2715 is divided by 869.
108
Calculate the remainder when 35132 is divided by 369.
77
Calculate the remainder when 17077 is divided by 40.
37
What is the remainder when 1044 is divided by 471?
102
What is the remainder when 1482 is divided by 333?
150
Calculate the remainder when 2027 is divided by 143.
25
What is the remainder when 88901 is divided by 44444?
13
What is the remainder when 18471 is divided by 16?
7
Calculate the remainder when 109050 is divided by 54516.
18
Calculate the remainder when 889852 is divided by 444917.
18
What is the remainder when 131770 is divided by 229?
95
What is the remainder when 3322 is divided by 484?
418
What is the remainder when 472568 is divided by 157517?
17
Calculate the remainder when 1997 is divided by 250.
247
What is the remainder when 5530 is divided by 2569?
392
What is the remainder when 153878 is divided by 39?
23
What is the remainder when 11131 is divided by 17?
13
Calculate the remainder when 905597 is divided by 200.
197
What is the remainder when 1078 is divided by 35?
28
What is the remainder when 82749 is divided by 96?
93
What is the remainder when 45659 is divided by 6503?
138
What is the remainder when 441 is divided by 143?
12
Calculate the remainder when 7116 is divided by 2365.
21
What is the remainder when 4825053 is divided by 32?
29
Calculate the remainder when 692 is divided by 314.
64
What is the remainder when 20475 is divided by 1854?
81
Calculate the remainder when 3559 is divided by 1772.
15
Calculate the remainder when 116743 is divided by 116739.
4
What is the remainder when 1490 is divided by 26?
8
What is the remainder when 271182 is divided by 89?
88
Calculate the remainder when 125563 is divided by 62763.
37
Calculate the remainder when 4174 is divided by 1383.
25
What is the remainder when 11619 is divided by 778?
727
Calculate the remainder when 281198 is divided by 2.
0
What is the remainder when 6573 is divided by 593?
50
Calculate the remainder when 109485 is divided by 622.
13
What is the remainder when 126243 is divided by 249?
0
Calculate the remainder when 8187 is divided by 117.
114
Calculate the remainder when 252029 is divided by 28002.
11
Calculate the remainder when 38508 is divided by 770.
8
Calculate the remainder when 37094 is divided by 55.
24
Calculate the remainder when 3011 is divided by 1450.
111
What is the remainder when 60165 is divided by 85?
70
Calculate the remainder when 32304 is divided by 160.
144
Calculate the remainder when 130922 is divided by 27.
26
Calculate the remainder when 120478 is divided by 240.
238
Calculate the remainder when 23256 is divided by 1057.
2
Calculate the remainder when 15720 is divided by 1199.
133
Calculate the remainder when 29116 is divided by 280.
276
Calculate the remainder when 2095 is divided by 307.
253
What is the remainder when 10507 is divided by 328?
11
Calculate the remainder when 7890 is divided by 4.
2
Calculate the remainder when 156761 is divided by 39125.
261
Calculate the remainder when 66614 is divided by 1211.
9
What is the remainder when 19603 is divided by 82?
5
Calculate the remainder when 87056 is divided by 551.
549
What is the remainder when 16657 is divided by 140?
137
What is the remainder when 6937 is divided by 211?
185
What is the remainder when 291490 is divided by 72870?
10
Calculate the remainder when 1386 is divided by 347.
345
What is the remainder when 92419 is divided by 432?
403
Calculate the remainder when 18355 is divided by 44.
7
Calculate the remainder when 1979 is divided by 141.
5
What is the remainder when 656 is divided by 267?
122
What is the remainder when 18981 is divided by 9486?
9
Calculate the remainder when 1328 is divided by 222.
218
What is the remainder when 4075 is divided by 93?
76
What is the remainder when 77930 is divided by 523?
3
What is the remainder when 65267 is divided by 84?
83
Calculate the remainder when 3836 is divided by 147.
14
Calculate the remainder when 912736 is divided by 30.
16
Calculate the remainder when 161715 is divided by 80845.
25
What is the remainder when 29117 is divided by 198?
11
What is the remainder when 2361524 is divided by 23?
22
What is the remainder when 610770 is divided by 2143?
15
Calculate the remainder when 666472 is divided by 60588.
4
What is the remainder when 63913 is divided by 201?
196
What is the remainder when 679965 is divided by 288?
285
Calculate the remainder when 2334 is divided by 123.
120
What is the remainder when 2468 is divided by 8?
4
Calculate the remainder when 47933 is divided by 16.
13
Calculate the remainder when 1065 is divided by 525.
15
Calculate the remainder when 8031 is divided by 74.
39
What is the remainder when 187805 is divided by 2981?
2
Calculate the remainder when 49780 is divided by 127.
123
Calculate the remainder when 337 is divided by 34.
31
Calculate the remainder when 948664 is divided by 68.
64
What is the remainder when 21528 is divided by 10270?
988
What is the remainder when 3166 is divided by 62?
4
Calculate the remainder when 391091 is divided by 353.
320
What is the remainder when 50380 is divided by 50374?
6
Calculate the remainder when 86972 is divided by 3106.
4
What is the remainder when 41193 is divided by 41?
29
Calculate the remainder when 10893 is divided by 173.
167
What is the remainder when 4622 is divided by 767?
20
Calculate the remainder when 32590 is divided by 66.
52
Calculate the remainder when 5639 is divided by 131.
6
Calculate the remainder when 43645 is divided by 321.
310
What is the remainder when 18564 is divided by 3686?
134
What is the remainder when 12469 is divided by 1262?
1111
What is the remainder when 132241 is divided by 349?
319
Calculate the remainder when 1217 is divided by 1205.
12
Calculate the remainder when 11170 is divided by 62.
10
Calculate the remainder when 5887 is divided by 1455.
67
Calculate the remainder when 225709 is divided by 56419.
33
What is the remainder when 11397 is divided by 60?
57
Calculate the remainder when 45695 is divided by 128.
127
Calculate the remainder when 5411 is divided by 2700.
11
What is the remainder when 82948 is divided by 419?
405
Calculate the remainder when 2866 is divided by 633.
334
What is the remainder when 16104 is divided by 2298?
18
Calculate the remainder when 12910 is divided by 105.
100
Calculate the remainder when 1121578 is divided by 279.
277
Calculate the remainder when 2817609 is divided by 10.
9
Calculate the remainder when 9141 is divided by 9124.
17
Calculate the remainder when 11930 is divided by 12.
2
Calculate the remainder when 137469 is divided by 13.
7
What is the remainder when 15726 is divided by 418?
260
Calculate the remainder when 3825 is divided by 23.
7
What is the remainder when 5940319 is divided by 542?
541
Calculate the remainder when 6777 is divided by 73.
61
Calculate the remainder when 2603555 is divided by 36.
35
What is the remainder when 13104 is divided by 1479?
1272
What is the remainder when 98317 is divided by 21?
16
Calculate the remainder when 92141 is divided by 104.
101
What is the remainder when 755787 is divided by 11809?
11
Calculate the remainder when 2043 is divided by 526.
465
Calculate the remainder when 13700 is divided by 372.
308
What is the remainder when 663790 is divided by 12?
10
Calculate the remainder when 2690999 is divided by 50.
49
Calculate the remainder when 45761 is divided by 5717.
25
What is the remainder when 1280 is divided by 36?
20
Calculate the remainder when 98741 is divided by 528.
5
What is the remainder when 25974 is divided by 388?
366
Calculate the remainder when 9611 is divided by 53.
18
Calculate the remainder when 54386 is divided by 938.
920
Calculate the remainder when 3325 is divided by 558.
535
Calculate the remainder